{"id":93,"date":"2019-03-25T14:40:14","date_gmt":"2019-03-25T13:40:14","guid":{"rendered":"HTTPS:\/\/dielen.com.pl\/?page_id=93"},"modified":"2020-01-03T10:51:21","modified_gmt":"2020-01-03T09:51:21","slug":"oferta","status":"publish","type":"page","link":"https:\/\/dielen.com.pl\/","title":{"rendered":"Oferta"},"content":{"rendered":"<p><strong data-rich-text-format-boundary=\"true\">Prace uruchomieniowe<\/strong><\/p>\n<p style=\"text-align: justify; padding-left: 40px;\">Oferujemy us\u0142ugi zwi\u0105zane z wykonaniem prac uruchomieniowych oraz kontrolno-pomiarowych w zakresie obiekt\u00f3w elektroenergetycznych. Opracowujemy konfiguracje, przeprowadzamy wszelkie niezb\u0119dne sprawdzenia oraz dokonujemy uruchomienia uk\u0142ad\u00f3w EAZ i SSiN.<\/p>\n<p><strong data-rich-text-format-boundary=\"true\">Prace projektowe<\/strong><\/p>\n<p style=\"text-align: justify; padding-left: 40px;\">Oferujemy us\u0142ugi zwi\u0105zane z opracowaniem dokumentacji technicznej, oraz doradztwem technicznym w zakresie:<\/p>\n\n<ul class=\"rich-text editor-rich-text__editable block-editor-rich-text__editable is-selected\" role=\"textbox\" contenteditable=\"true\" aria-multiline=\"true\" aria-label=\"Wprowad\u017a list\u0119...\">\n<li style=\"text-align: justify;\">Stacje elektroenergetyczne nN, SN i WN:\n<ul>\n<li>Obwody pierwotne<\/li>\n<li>Obwody wt\u00f3rne<\/li>\n<li>Uk\u0142ady zasilania potrzeb w\u0142asnych pr\u0105du przemiennego, sta\u0142ego oraz uk\u0142ady zasilania gwarantowanego<\/li>\n<li>Uk\u0142ady sygnalizacji oraz telemechaniki<\/li>\n<li>Stacje transformatorowe SN\/nN<\/li>\n<\/ul>\n<\/li>\n<li style=\"text-align: justify;\">Linie elektroenergetyczne nN i SN:\n<ul>\n<li>Napowietrzne linie elektroenergetyczne nN i SN<\/li>\n<li>Kablowe linie elektroenergetyczne nN i SN<\/li>\n<li>Automatyki w g\u0142\u0119bi sieci SN &#8211; wy\u0142\u0105czniki radiowe, reklozery, wska\u017aniki zwar\u0107<\/li>\n<\/ul>\n<\/li>\n<li>Doradztwo techniczne:\n<ul>\n<li style=\"text-align: justify;\">Analizy zwarciowe w systemach elektroenergetycznych<\/li>\n<li style=\"text-align: justify;\">Obliczanie nastaw elektroenergetycznej automatyki zabezpieczeniowej<\/li>\n<\/ul>\n<\/li>\n<\/ul>\n\n<p><strong data-rich-text-format-boundary=\"true\">Prace monta\u017cowe<\/strong><\/p>\n<p>Oferujemy us\u0142ugi zwi\u0105zane z wykonaniem prac monta\u017cowych dla obiekt\u00f3w elektroenergetycznych w zakresie:<\/p>\n\n<ul>\n<li>Stacje elektroenergetyczne\n<ul>\n<li style=\"text-align: justify;\">Obwody wt\u00f3rne SN<\/li>\n<li style=\"text-align: justify;\">Uk\u0142ady zasilania potrzeb w\u0142asnych pr\u0105du przemiennego, sta\u0142ego oraz uk\u0142ady zasilania gwarantowanego<\/li>\n<\/ul>\n<\/li>\n<\/ul>\n\n\n<p><\/p>\n","protected":false},"excerpt":{"rendered":"<p>Prace uruchomieniowe Oferujemy us\u0142ugi zwi\u0105zane z wykonaniem prac uruchomieniowych oraz kontrolno-pomiarowych w zakresie obiekt\u00f3w elektroenergetycznych. Opracowujemy konfiguracje, przeprowadzamy wszelkie niezb\u0119dne sprawdzenia oraz dokonujemy uruchomienia uk\u0142ad\u00f3w EAZ i SSiN. Prace projektowe Oferujemy us\u0142ugi zwi\u0105zane z opracowaniem dokumentacji technicznej, oraz doradztwem technicznym w zakresie: Stacje elektroenergetyczne nN, SN i WN: Obwody pierwotne Obwody wt\u00f3rne Uk\u0142ady zasilania potrzeb [&hellip;]<\/p>\n","protected":false},"author":1,"featured_media":0,"parent":0,"menu_order":0,"comment_status":"closed","ping_status":"closed","template":"templates\/template-full-width.php","meta":{"footnotes":""},"class_list":["post-93","page","type-page","status-publish","hentry"],"_links":{"self":[{"href":"https:\/\/dielen.com.pl\/index.php\/wp-json\/wp\/v2\/pages\/93","targetHints":{"allow":["GET"]}}],"collection":[{"href":"https:\/\/dielen.com.pl\/index.php\/wp-json\/wp\/v2\/pages"}],"about":[{"href":"https:\/\/dielen.com.pl\/index.php\/wp-json\/wp\/v2\/types\/page"}],"author":[{"embeddable":true,"href":"https:\/\/dielen.com.pl\/index.php\/wp-json\/wp\/v2\/users\/1"}],"replies":[{"embeddable":true,"href":"https:\/\/dielen.com.pl\/index.php\/wp-json\/wp\/v2\/comments?post=93"}],"version-history":[{"count":18,"href":"https:\/\/dielen.com.pl\/index.php\/wp-json\/wp\/v2\/pages\/93\/revisions"}],"predecessor-version":[{"id":228,"href":"https:\/\/dielen.com.pl\/index.php\/wp-json\/wp\/v2\/pages\/93\/revisions\/228"}],"wp:attachment":[{"href":"https:\/\/dielen.com.pl\/index.php\/wp-json\/wp\/v2\/media?parent=93"}],"curies":[{"name":"wp","href":"https:\/\/api.w.org\/{rel}","templated":true}]}}